--------- beginning of /dev/log/system
W/InputMethodManagerService( 344): Window already focused, ignoring focus gain of: com.android.internal.view.IInputMethodClient$Stub$Proxy@40e55028 attribute=null --------- beginning of /dev/log/main
I/AudioHardware( 126): set device to SND_DEVICE_SPEAKER device_id=0
I/AudioHardware( 126): disabling post proc features with mask 0x0000
I/AudioHardware( 126): set device to SND_DEVICE_SPEAKER device_id=0
I/AudioHardware( 126): Enabling post proc features with mask 0x0000
W/InputMethodManagerService( 344): Window already focused, ignoring focus gain of: com.android.internal.view.IInputMethodClient$Stub$Proxy@415ba3f8 attribute=null
V/PhoneStatusBar( 3658): setLightsOn(true)
W/SettingsValues( 479): Cannot load auto correction threshold setting. currentAutoCorrectionSetting: 0, autoCorrectionThresholdValues: [, 0.185, 0.067, 0]
D/PhoneStatusBar( 3658): addNotification score=0
I/AudioHardware( 126): set device to SND_DEVICE_SPEAKER device_id=0
I/AudioHardware( 126): disabling post proc features with mask 0x0000
I/AudioHardware( 126): set device to SND_DEVICE_SPEAKER device_id=0
I/AudioHardware( 126): Enabling post proc features with mask 0x0000
I/AudioHardware( 126): set device to SND_DEVICE_SPEAKER device_id=0
I/AudioHardware( 126): disabling post proc features with mask 0x0000
D/dalvikvm( 1113): GC_CONCURRENT freed 1714K, 67% free 2821K/8387K, paused 29ms+5ms, total 111ms
I/ActivityManager( 344): START {act=android.intent.action.MAIN cat=[android.intent.category.LAUNCHER] flg=0x10104000 pkg=com.annimon.minizipexample cmp=com.annimon.minizipexample/.MinizipActivity u=0} from pid 3658
D/dalvikvm( 4846): Late-enabling CheckJNI
I/ActivityManager( 344): Start proc com.annimon.minizipexample for activity com.annimon.minizipexample/.MinizipActivity: pid=4846 uid=10054 gids={1028, 1015}
I/AudioHardware( 126): set device to SND_DEVICE_SPEAKER device_id=0
I/AudioHardware( 126): Enabling post proc features with mask 0x0000
D/dalvikvm( 344): GC_CONCURRENT freed 2712K, 50% free 7943K/15815K, paused 40ms+26ms, total 375ms
D/dalvikvm( 344): WAIT_FOR_CONCURRENT_GC blocked 293ms
D/dalvikvm( 344): WAIT_FOR_CONCURRENT_GC blocked 101ms
E/Trace ( 4846): error opening trace file: No such file or directory (2)
D/libEGL ( 4846): loaded /system/lib/egl/libEGL_adreno200.so
D/libEGL ( 4846): loaded /system/lib/egl/libGLESv1_CM_adreno200.so
D/libEGL ( 4846): loaded /system/lib/egl/libGLESv2_adreno200.so
D/OpenGLRenderer( 4846): Enabling debug mode 0
I/ActivityManager( 344): Displayed com.annimon.minizipexample/.MinizipActivity: +1s486ms
I/AudioHardware( 126): set device to SND_DEVICE_SPEAKER device_id=0
I/AudioHardware( 126): disabling post proc features with mask 0x0000
I/AudioHardware( 126): set device to SND_DEVICE_SPEAKER device_id=0
I/AudioHardware( 126): Enabling post proc features with mask 0x0000
W/SettingsValues( 479): Cannot load auto correction threshold setting. currentAutoCorrectionSetting: 0, autoCorrectionThresholdValues: [, 0.185, 0.067, 0]
D/PhoneStatusBar( 3658): addNotification score=0
I/AudioHardware( 126): set device to SND_DEVICE_SPEAKER device_id=0
I/AudioHardware( 126): disabling post proc features with mask 0x0000
W/SettingsValues( 479): Cannot load auto correction threshold setting. currentAutoCorrectionSetting: 0, autoCorrectionThresholdValues: [, 0.185, 0.067, 0]
D/dalvikvm( 4846): Trying to load lib /data/data/com.annimon.minizipexample/lib/libminizip.so 0x40deeb30
D/dalvikvm( 4846): Added shared lib /data/data/com.annimon.minizipexample/lib/libminizip.so 0x40deeb30
D/dalvikvm( 4846): No JNI_OnLoad found in /data/data/com.annimon.minizipexample/lib/libminizip.so 0x40deeb30, skipping init
I/ActivityManager( 344): START {act=android.intent.action.VIEW dat=file:///storage/sdcard0/zadanie_6000.txt typ=text/plain cmp=android/com.android.internal.app.ResolverActivity u=0} from pid 4846
I/AudioHardware( 126): set device to SND_DEVICE_SPEAKER device_id=0
I/AudioHardware( 126): Enabling post proc features with mask 0x0000
D/dalvikvm( 344): GC_CONCURRENT freed 831K, 44% free 8955K/15815K, paused 15ms+11ms, total 159ms
D/dalvikvm( 344): WAIT_FOR_CONCURRENT_GC blocked 127ms
D/dalvikvm( 344): WAIT_FOR_CONCURRENT_GC blocked 80ms
I/Choreographer( 344): Skipped 49 frames! The application may be doing too much work on its main thread.
I/ActivityManager( 344): Displayed android/com.android.internal.app.ResolverActivity: +1s903ms
I/ActivityManager( 344): No longer want com.android.keychain (pid 4640): hidden #16
I/AudioHardware( 126): set device to SND_DEVICE_SPEAKER device_id=0
I/AudioHardware( 126): disabling post proc features with mask 0x0000
W/InputMethodManagerService( 344): Window already focused, ignoring focus gain of: com.android.internal.view.IInputMethodClient$Stub$Proxy@40e17af8 attribute=null
D/dalvikvm( 344): GC_CONCURRENT freed 2212K, 46% free 8545K/15815K, paused 40ms+16ms, total 272ms
I/AudioHardware( 126): set device to SND_DEVICE_SPEAKER device_id=0
I/AudioHardware( 126): Enabling post proc features with mask 0x0000
W/SettingsValues( 479): Cannot load auto correction threshold setting. currentAutoCorrectionSetting: 0, autoCorrectionThresholdValues: [, 0.185, 0.067, 0]
D/PhoneStatusBar( 3658): addNotification score=0
W/SettingsValues( 479): Cannot load auto correction threshold setting. currentAutoCorrectionSetting: 0, autoCorrectionThresholdValues: [, 0.185, 0.067, 0]
I/AudioHardware( 126): set device to SND_DEVICE_SPEAKER device_id=0
I/AudioHardware( 126): disabling post proc features with mask 0x0000
I/AudioHardware( 126): set device to SND_DEVICE_SPEAKER device_id=0
I/AudioHardware( 126): Enabling post proc features with mask 0x0000
I/ActivityManager( 344): START {act=android.intent.action.VIEW dat=file:///storage/sdcard0/download/scph1001.bin u=0} from pid 4846
D/AndroidRuntime( 4846): Shutting down VM
W/dalvikvm( 4846): threadid=1: thread exiting with uncaught exception (group=0x40aba300)
E/AndroidRuntime( 4846): FATAL EXCEPTION: main
E/AndroidRuntime( 4846): android.content.ActivityNotFoundException: No Activity found to handle Intent { act=android.intent.action.VIEW dat=file:///storage/sdcard0/download/scph1001.bin }
E/AndroidRuntime( 4846): at android.app.Instrumentation.checkStartActivityResult(Instrumentation.java:1545)
E/AndroidRuntime( 4846): at android.app.Instrumentation.execStartActivity(Instrumentation.java:1416)
E/AndroidRuntime( 4846): at android.app.Activity.startActivityForResult(Activity.java:3351)
E/AndroidRuntime( 4846): at android.app.Activity.startActivityForResult(Activity.java:3312)
E/AndroidRuntime( 4846): at android.app.Activity.startActivity(Activity.java:3522)
E/AndroidRuntime( 4846): at android.app.Activity.startActivity(Activity.java:3490)
E/AndroidRuntime( 4846): at com.annimon.minizipexample.MinizipActivity.processZip(MinizipActivity.java:95)
E/AndroidRuntime( 4846): at com.annimon.minizipexample.MinizipActivity.access$0(MinizipActivity.java:68)
E/AndroidRuntime( 4846): at com.annimon.minizipexample.MinizipActivity$1.onDismiss(MinizipActivity.java:60)
E/AndroidRuntime( 4846): at android.app.Dialog$ListenersHandler.handleMessage(Dialog.java:1226)
E/AndroidRuntime( 4846): at android.os.Handler.dispatchMessage(Handler.java:99)
E/AndroidRuntime( 4846): at android.os.Looper.loop(Looper.java:137)
E/AndroidRuntime( 4846): at android.app.ActivityThread.main(ActivityThread.java:4931)
E/AndroidRuntime( 4846): at java.lang.reflect.Method.invokeNative(Native Method)
E/AndroidRuntime( 4846): at java.lang.reflect.Method.invoke(Method.java:511)
E/AndroidRuntime( 4846): at com.android.internal.os.ZygoteInit$MethodAndArgsCaller.run(ZygoteInit.java:791)
E/AndroidRuntime( 4846): at com.android.internal.os.ZygoteInit.main(ZygoteInit.java:558)
E/AndroidRuntime( 4846): at dalvik.system.NativeStart.main(Native Method)
W/ActivityManager( 344): Force finishing activity com.annimon.minizipexample/.MinizipActivity
W/ActivityManager( 344): Activity pause timeout for ActivityRecord{4150fbd8 com.annimon.minizipexample/.MinizipActivity}
I/Process ( 4846): Sending signal. PID: 4846 SIG: 9
I/WindowState( 344): WIN DEATH: Window{40e35880 com.annimon.minizipexample/com.annimon.minizipexample.MinizipActivity paused=false}
I/ActivityManager( 344): Process com.annimon.minizipexample (pid 4846) has died.
W/InputMethodManagerService( 344): Got RemoteException sending setActive(false) notification to pid 4846 uid 10054
D/dalvikvm( 3673): GC_FOR_ALLOC freed 1016K, 47% free 5334K/9991K, paused 149ms, total 168ms
I/dalvikvm-heap( 3673): Grow heap (frag case) to 15.000MB for 1614608-byte allocation
D/dalvikvm( 3673): GC_CONCURRENT freed 1875K, 43% free 6673K/11591K, paused 42ms+25ms, total 209ms
D/dalvikvm( 3673): GC_FOR_ALLOC freed 1735K, 52% free 5650K/11591K, paused 49ms, total 53ms
D/dalvikvm( 3673): GC_CONCURRENT freed 1042K, 45% free 6381K/11591K, paused 4ms+8ms, total 78ms
D/dalvikvm( 3673): WAIT_FOR_CONCURRENT_GC blocked 63ms
D/dalvikvm( 3673): GC_EXPLICIT freed 1750K, 58% free 4937K/11591K, paused 4ms+6ms, total 68ms
W/NotificationService( 344): Object died trying to hide notification android.app.ITransientNotification$Stub$Proxy@40f4a548 in package com.annimon.minizipexample
I/AudioHardware( 126): set device to SND_DEVICE_SPEAKER device_id=0
I/AudioHardware( 126): disabling post proc features with mask 0x0000
I/AudioHardware( 126): set device to SND_DEVICE_SPEAKER device_id=0
I/AudioHardware( 126): Enabling post proc features with mask 0x0000